n z(39) is divided by 90?
88
Suppose 0 = u + u - 70. Let v = 298 + -294. Suppose v*q + 4*o - 847 = -307, -4*q + o + 550 = 0. What is the remainder when q is divided by u?
32
Let z = -4326 - -4366. Suppose 0*i + a - 216 = -5*i, -5*i + 5*a + 210 = 0. What is the remainder when i is divided by z?
3
Let s(c) = -c**3 - 2*c**2 - c - 35. Let o be s(0). Let d = o - -40. Suppose 0 = y + 4, 17 = 3*f + 2*y - 8. Calculate the remainder when f is divided by d.
1
Let f(j) = 20*j**2 - 6*j - 67 - 33*j**2 - 8*j**3 + 9*j**3. Calculate the remainder when f(14) is divided by 16.
13
Let n = 557 + -516. Let m(z) = 34*z - 3. Calculate the remainder when m(6) is divided by n.
37
What is the remainder when -499 + 492 - (-1)/(-3*2/(-318)) is divided by 10/1 - (0 - -2)?
6
Suppose 50 = 10*z - 0*z. Suppose 198 = 5*y - n + z*n, y - 4*n = 30. Suppose 46 + y = 2*h. Calculate the remainder when 83 is divided by h.
41
Let c = -29 - -37. Let r(n) = 1 + 18*n - n**2 - 7*n - 1 - c. Calculate the remainder when r(9) is divided by 6.
4
Suppose 3*p + 0*p = 30. Let b(u) = u**2 - u - 1. Let m(v) = v**2 + 22*v - 18. Let n(x) = 2*b(x) - m(x). Calculate the remainder when n(27) is divided by p.
7
Suppose -328 = -10*j + 6*j - 5*o, 4*j + 3*o = 336. Calculate the remainder when 631 is divided by j.
22
Suppose -10 - 155 = -3*d. Suppose -z - d + 37 = 0. Let n = z + 30. Calculate the remainder when 46 is divided by n.
10
Let m(d) = 47*d**2 + 5*d + 11. Let y be m(-2). Calculate the remainder when 238 is divided by (-49)/(-4) - (7 + y/(-28)).
10
Suppose -39 = -a - 0*a. Suppose -42422 + 41502 = -23*x. Calculate the remainder when x is divided by a.
1
Suppose 0 = -4*r + 3*q + 4239, 2*r + 245 - 2378 = -3*q. What is the remainder when r is divided by 204?
42
Let r = 51 + -46. Suppose -10 = r*a, -4*w + a + 8 = 5*a. Suppose -w*z + 419 = 5*y, -4*y = y - 5*z - 455. What is the remainder when y is divided by 45?
42
Suppose 16*c - 372 = 556. Suppose -35 = c*i - 63*i. Calculate the remainder when 44 is divided by i.
2
What is the remainder when 258 is divided by (-105)/(-9)*270/150?
6
Let q(l) = -10*l**3 + 4*l**2 + 8*l + 1. Let i be ((-48)/200*-5)/(2/(-5)). Calculate the remainder when q(i) is divided by 11.
8
Calculate the remainder when (-9845)/(-92) + 1251/(-115092) is divided by -1*(1 - -2)*-3.
8
Calculate the remainder when (-7230)/(-54) - (-160)/144 is divided by 10/(2*(-1)/(-10)).
35
Let m = 222 + -212. Suppose -m*o - 46 = -386. Calculate the remainder when 100 is divided by o.
32
Suppose -25 = 2*g - 7*g. Let s(m) = -667*m - 34672. Calculate the remainder when s(-52) is divided by g.
2
Let n(t) = 10*t**2 - 1. Let p be n(1). Let b be (-240)/p*(-3 + 45/(-25)). Suppose 7*s - b = 40. Calculate the remainder when 63 is divided by s.
15
Let m(p) = -2*p**3 - 14*p**2 - 7*p - 1. Let b be m(-6). What is the remainder when 3 - (-4 + b - 4) is divided by 15?
12
Let t = 15 - 13. Suppose -w + 0*q = -2*q - 31, -2*q = -t*w + 62. Suppose -6*s - 433 + 1165 = 0. Calculate the remainder when s is divided by w.
29
Suppose -62*w = -101*w + 468. Let o(t) = 4*t**3 + 3 + 3*t**2 - 3*t + 2*t**2 - 3*t**3 - 3*t**2. Calculate the remainder when w is divided by o(-3).
0
Calculate the remainder when 5309/3 - (168/(-18) + 12) is divided by 161.
157
Suppose -2*j = -5*h + 185 + 388, -3*j - 577 = -5*h. Calculate the remainder when 1434 is divided by h.
78
Suppose 5*j - 140 = -2*w + 60, -5*j + w + 215 = 0. Calculate the remainder when 134 is divided by j.
8
Let s = -32162 - -57459. What is the remainder when s is divided by 278?
277
What is the remainder when 4647 is divided by ((-9)/(-5) + -1)/(31 - (-69408)/(-2240))?
55
Suppose -118*r + 705 = -1655. Calculate the remainder when 42 is divided by r.
2
Let w(u) be the second derivative of -7*u**3/6 - 5*u**2/2 - 15*u - 2. Calculate the remainder when 179 is divided by w(-6).
31
Suppose 0 = 2*j + 5*j + 308 - 2786. Calculate the remainder when j is divided by 48.
18
Let a(z) be the second derivative of z**4/6 + 5*z**3/3 - 5*z**2/2 - 64*z. What is the remainder when 25 is divided by a(-6)?
4
Let a be (80/8)/(2/3). Suppose -20*t + 65 = -a*t. Let f(v) = v**3 + 8*v**2 + 2*v + 3. What is the remainder when f(-4) is divided by t?
7
Suppose 12*z = 7*z - t + 194, -2*t + 84 = 2*z. What is the remainder when 3189 is divided by z?
35
Suppose 12*q - 16*q = -4*x - 1536, 0 = -5*x + 10. Calculate the remainder when q is divided by 21.
8
Suppose 5*o = 2*y - 174, -5*y - 1 = 14. Calculate the remainder when 96 is divided by (o/27)/(((-4)/99)/1).
30
Let r = 24129 - 24122. Let o(g) be the second derivative of 19*g**3/6 + 3*g. Calculate the remainder when o(2) is divided by r.
3
Let h(x) be the second derivative of -x**4/12 - 5*x**3/2 + 61*x**2/2 - 118*x. Calculate the remainder when h(-16) is divided by 25.
20
Suppose v - 88 = -2*i - 4, 345 = 4*v + 5*i. What is the remainder when v is divided by 51?
39
Let c = 187 + -176. Suppose 2*t = -3*v + 14, 0 = -3*v - 4*t + c + 11. What is the remainder when 11 is divided by v?
1
Let u(m) = 3*m - 38. Let p be u(13). Suppose 7*r - 11*r - 46 = -5*h, 0 = r - p. Let l = -6 + 8. Calculate the remainder when h is divided by l.
0
Let w(k) = 702*k**3 - k**2 + k. Let q be w(1). Let i = 791 - q. What is the remainder when i is divided by 30?
29
Suppose -480*j = -485*j - 40. Let y(v) = -18*v - 111. Suppose -2*w + 3*t + 15 = 0, w - 2*w = -3*t - 3. Calculate the remainder when y(j) is divided by w.
9
Let l be 1 + -3 + (-1 - -9). Let b(y) = 8*y - 2. Suppose 4*o - 65 = -3*i, 0 = -2*o - 408*i + 405*i + 49. What is the remainder when b(l) is divided by o?
6
Suppose -3*b = -o - 252, -o - o + 176 = 2*b. What is the remainder when (-503)/(-3) - (-12 + (-532)/(-42) + -1) is divided by b?
83
Suppose 5*w - 100 = w. What is the remainder when (328/(-10)*-1)/(30/75) is divided by w?
7
Let g(t) = 4*t**2 + 53*t - 169. What is the remainder when 146 is divided by g(-16)?
6
Let w = 54 + -24. Calculate the remainder when -4 + 8 - (-114 - 1) is divided by w.
29
Let v = -4 + 14. Calculate the remainder when 10*(24/45)/((-30)/(-45)) is divided by (6/10)/(2/v).
2
Suppose 4*v - 9*v - 5*j + 3065 = 0, v = 4*j + 583. Calculate the remainder when v is divided by 29.
27
Let c = -18786 - -19940. Calculate the remainder when c is divided by 43.
36
Suppose 3*g - 80 = 100. Suppose -7*m - 3*m = -g. What is the remainder when m is divided by 2?
0
Suppose -65*a - 37*a = -31*a - 4544. What is the remainder when 491 is divided by a?
43
Suppose 161*v = 3*n + 164*v - 2169, n - 717 = 5*v. Calculate the remainder when n is divided by 31.
9
Suppose 0 = 2*c - 4*l + 4, 300*c + 7 = 299*c + 3*l. What is the remainder when 1949 is divided by c?
5
Suppose 0 = 250*p - 249*p + 5*g - 822, 842 = p + g. Let o = 78 + -53. What is the remainder when p is divided by o?
22
Let b(f) = f**2 - 9*f + 529. Calculate the remainder when b(0) is divided by 34.
19
Let m(c) = 9*c**3 + 2*c + 1. Let x be m(-1). Calculate the remainder when 6 + (-36)/(-11 + 5) is divided by ((-28)/(-6))/(x/(-15)).
5
Let d(l) = -10*l + 24. Let y be d(2). Calculate the remainder when 225/18*(3 + -1) - y is divided by 8.
5
Let s(o) = o**2 - 13*o + 47. Let w = -3 + 56. What is the remainder when w is divided by s(9)?
9
Suppose -30*b - 262 = 38. Let u be 1 - (120/2 - 1). Let y = b - u. Calculate the remainder when y is divided by 26.
22
Suppose -5*v = 5*t + 5, t + 4*v = 5*t - 12. Let a be (-346)/12 - 3*t/18. Let x = 47 + a. What is the remainder when 49 is divided by x?
13
Let b = 547 - 996. Let z = -241 - b. Let o = z + -116. Calculate the remainder when o is divided by 24.
20
Suppose t + 3*y = 4*y + 93, 4*y - 12 = 0. Suppose -546 = -81*x + 1965. What is the remainder when t is divided by x?
3
Let f(r) be the third derivative of -r**6/120 - 4*r**5/15 - r**4/3 + 2*r**3/3 + r**2 - 10*r. What is the remainder when f(-16) is divided by 25?
7
Suppose -4*a - 26 + 726 = 0. Suppose 4*i - 2*i + 14 = -4*r, -22 = 2*r - 4*i. What is the remainder when 310/1*r*(-14)/a is divided by 18?
16
Let i(t) = -2*t**3 - 3*t**2 + 23*t - 52. What is the remainder when i(-11) is divided by 660?
14
Let a(r) = 2*r - 31. Let y be a(8). Suppose -5*q + 12 + 38 = 0. What is the remainder when 372*(-10)/(-75) - (-9)/y is divided by q?
9
Let t(v) = -89*v + 953. Calculate the remainder when t(5) is div